{"id":19,"date":"2017-03-07T12:36:00","date_gmt":"2017-03-07T12:36:00","guid":{"rendered":"http:\/\/www.plantagbiosciences.org\/people\/martin-o-conghaile\/?page_id=19"},"modified":"2017-06-16T15:42:02","modified_gmt":"2017-06-16T15:42:02","slug":"bibliography","status":"publish","type":"page","link":"https:\/\/www.plantagbiosciences.org\/people\/martin-o-conghaile\/bibliography\/","title":{"rendered":"Bibliography"},"content":{"rendered":"<h2>Main Research<\/h2>\n<p><strong>\u00a0<\/strong><\/p>\n<p>AALEN, F. H. A., WHELAN, K. &amp; STOUT, M. 2010. <em>Atlas of the Irish rural landscape, <\/em>Cork, Cork University Press.<\/p>\n<p>CANNELL, M. G. R., MURRAY, M. B. &amp; SHEPPARD, L. J. 1985. Frost Avoidance by Selection for Late Budburst in Picea sitchensis. <em>Journal of Applied Ecology,<\/em> 22<strong>,<\/strong> 931-941.<\/p>\n<p>COFORD 2016. <em>Land Availability for Afforestation Exploring opportunities for expanding Ireland\u2019s forest resource, <\/em>Kildare Street, Dublin 2, Department of Agriculture, Food and the Marine Agriculture House.<\/p>\n<p>COLE, E. E. &amp; MITCHELL, F. J. G. 2003. Human impact on the Irish landscape during the late Holocene inferred from palynological studies at three peatland sites. <em>The Holocene,<\/em> 13<strong>,<\/strong> 507-515.<\/p>\n<p>DAFM Irish Forests &#8211; A Brief History &#8211; Department of Agriculture, Food &amp; the Marine.<\/p>\n<p>DUESBERG, S., DHUBH\u00c1IN, \u00c1. N. &amp; O\u2019CONNOR, D. 2014. Assessing policy tools for encouraging farm afforestation in Ireland. <em>Land Use Policy,<\/em> 38<strong>,<\/strong> 194-203.<\/p>\n<p>DUESBERG, S., O\u2019CONNOR, D. &amp; DHUBH\u00c1IN, \u00c1. N. 2013. To plant or not to plant\u2014Irish farmers\u2019 goals and values with regard to afforestation. <em>Land Use Policy,<\/em> 32<strong>,<\/strong> 155-164.<\/p>\n<p>FARRELLY, N. 2007. The farm forest resource in Ireland: opportunities and challenges for rural development in Ireland. <em>Small-scale Forestry,<\/em> 6<strong>,<\/strong> 49-64.<\/p>\n<p>FARRELLY, N., CLIFFORD, B. &amp; GREEN, S. 2008. Using GIS Cluster Analysis to Quantify Timber Production From Farm Forestry Plantations. <em>Irish Timber and Forestry,<\/em> 30<strong>,<\/strong> 4.<\/p>\n<p>FARRELLY, N., DHUBH\u00c1IN, \u00c1. N. &amp; NIEUWENHUIS, M. 2011. Sitka spruce site index in response to varying soil moisture and nutrients in three different climate regions in Ireland. <em>Forest Ecology and Management,<\/em> 262<strong>,<\/strong> 2199-2206.<\/p>\n<p>HOLDEN, N. M., BRERETON, A. J., FEALY, R. &amp; SWEENEY, J. 2003. Possible change in Irish climate and its impact on barley and potato yields. <em>Agricultural and Forest Meteorology,<\/em> 116<strong>,<\/strong> 181-196.<\/p>\n<p>IFFPA 2016. An overview of the Irish forestry and forest products sector 2016.<\/p>\n<p>JOYCE, P. M. &amp; O&#8217;CARROLL, N. 2002. <em>Sitka spruce in Ireland, <\/em>Dublin, Dublin : COFORD.<\/p>\n<p>MCELWAIN, L. &amp; SWEENEY, J. 2003. Climate change in Ireland\u2010 recent trends in temperature and precipitation. <em>Irish Geography,<\/em> 36<strong>,<\/strong> 97-111.<\/p>\n<p>MCINERNEY, D. 2014. Rapid Assessment of Wind Damage as part of the National Windblow Taskforce.<\/p>\n<p>MIMURA, M. &amp; AITKEN, S. N. 2010. Local adaptation at the range peripheries of Sitka spruce. <em>Journal of Evolutionary Biology,<\/em> 23<strong>,<\/strong> 249-258.<\/p>\n<p>MOONEY, O. 1973. An Unusual Frost in September 1972. <em>Irish Forestry<\/em>.<\/p>\n<p>NEESON, E. 1991. <em>A history of Irish forestry, <\/em>Dublin, Lilliput Press in association with Deptof Energy.<\/p>\n<p>N\u00cd DHUBH\u00c1IN, \u00c1., MAGUIRE, K. &amp; FARRELLY, N. 2010. The harvesting behaviour of Irish private forest owners. <em>Forest Policy and Economics,<\/em> 12<strong>,<\/strong> 513-517.<\/p>\n<p>NICOLL, B. C., REDFERN, D. B. &amp; MCKAY, H. M. 1996. Autumn frost damage: clonal variation in Sitka spruce. <em>Forest Ecology and Management,<\/em> 80<strong>,<\/strong> 107-112.<\/p>\n<p>OLIVER, J. E. 2008. <em>Encyclopedia of world climatology<\/em>, Springer Science &amp; Business Media.<\/p>\n<p>REDMOND, J. 2014. Ireland\u2019s Forests &#8211; Annual Forest Sector Statistics 2014. Department of Agriculture, Food and Marine.<\/p>\n<p>REDMOND, J. 2016. Ireland&#8217;s Forests &#8211; Annual Statistics 2016. Department of Agriculture, Food and Marine.<\/p>\n<p>SMYTH, W. J. 2006. <em>Map-making, landscapes and memory: a geography of colonial and early modern Ireland, c.1530-1750, <\/em>Notre Dame, Ind. : Cork, University of Notre Dame Press in association with Field Day ; Cork University Press.<\/p>\n<p>SNYDER, R. L. &amp; DAVIS, C. 2000. Principles of frost protection. <em>University of California, Davis<\/em>.<\/p>\n<p>SWEENEY, J., ALBANITO, F., BRERETON, A., CAFFARRA, A., CHARLTON, R., DONNELLY, A., FEALY, R., FITZGERALD, J., HOLDEN, N., JONES, M. &amp; MURPHY, C. 2008. <em>Climate change : refining the impacts for Ireland, <\/em>Johnstown, Johnstown : Environmental Protection Agency.<\/p>\n<p>TAYLOR, R. F. 1929. <em>Pocket guide to Alaska trees<\/em>, US Department of Agriculture, Forest Service, Alaska.<\/p>\n<p>VANONI, M., BUGMANN, H., N\u00d6TZLI, M. &amp; BIGLER, C. 2016. Drought and frost contribute to abrupt growth decreases before tree mortality in nine temperate tree species. <em>Forest Ecology and Management,<\/em> 382<strong>,<\/strong> 51-63.<\/p>\n<p>VIERECK, L. A. &amp; LITTLE, E. L. 1974. <em>Guide to Alaska trees<\/em>, US Department of Agriculture, Forest Service.<\/p>\n<p>WALSH, S. 2012. A Summary of Climate Averages for Ireland. <em>Met Eireann, Dublin<\/em>.<\/p>\n<p>WOODWARD, F. I., QUAIFE, T. &amp; LOMAS, M. R. 2010. Praeger Review: Changing climate and the Irish landscape. <em>Biology and Environment: Proceedings of the Royal Irish Academy,<\/em> 110B<strong>,<\/strong> 1-16.<\/p>\n<p>WORLD BANK. 2015. <em>Forest area (% of land area) | Data <\/em>[Online]. Available: <a href=\"http:\/\/data.worldbank.org\/indicator\/AG.LND.FRST.ZS?locations=IE&amp;page=6\">http:\/\/data.worldbank.org\/indicator\/AG.LND.FRST.ZS?locations=IE&amp;page=6<\/a> [Accessed].<\/p>\n<p>&nbsp;<\/p>\n","protected":false},"excerpt":{"rendered":"<p>Main Research \u00a0 AALEN, F. H. A., WHELAN, K. &amp; STOUT, M. 2010. Atlas of the Irish rural landscape, Cork, Cork University Press. CANNELL, M. G. R., MURRAY, M. B. &amp; SHEPPARD, L. J. 1985. Frost Avoidance by Selection for Late Budburst in Picea sitchensis. Journal of Applied Ecology, 22, 931-941. COFORD 2016. Land Availability&nbsp;&#8230;<\/p>\n","protected":false},"author":29,"featured_media":0,"parent":0,"menu_order":0,"comment_status":"closed","ping_status":"closed","template":"","meta":{"footnotes":""},"class_list":["post-19","page","type-page","status-publish","hentry"],"_links":{"self":[{"href":"https:\/\/www.plantagbiosciences.org\/people\/martin-o-conghaile\/wp-json\/wp\/v2\/pages\/19","targetHints":{"allow":["GET"]}}],"collection":[{"href":"https:\/\/www.plantagbiosciences.org\/people\/martin-o-conghaile\/wp-json\/wp\/v2\/pages"}],"about":[{"href":"https:\/\/www.plantagbiosciences.org\/people\/martin-o-conghaile\/wp-json\/wp\/v2\/types\/page"}],"author":[{"embeddable":true,"href":"https:\/\/www.plantagbiosciences.org\/people\/martin-o-conghaile\/wp-json\/wp\/v2\/users\/29"}],"replies":[{"embeddable":true,"href":"https:\/\/www.plantagbiosciences.org\/people\/martin-o-conghaile\/wp-json\/wp\/v2\/comments?post=19"}],"version-history":[{"count":5,"href":"https:\/\/www.plantagbiosciences.org\/people\/martin-o-conghaile\/wp-json\/wp\/v2\/pages\/19\/revisions"}],"predecessor-version":[{"id":219,"href":"https:\/\/www.plantagbiosciences.org\/people\/martin-o-conghaile\/wp-json\/wp\/v2\/pages\/19\/revisions\/219"}],"wp:attachment":[{"href":"https:\/\/www.plantagbiosciences.org\/people\/martin-o-conghaile\/wp-json\/wp\/v2\/media?parent=19"}],"curies":[{"name":"wp","href":"https:\/\/api.w.org\/{rel}","templated":true}]}}