{"id":17,"date":"2018-03-13T14:50:35","date_gmt":"2018-03-13T14:50:35","guid":{"rendered":"http:\/\/www.plantagbiosciences.org\/people\/laia-clara-nageli-juan\/?page_id=17"},"modified":"2018-08-29T19:47:54","modified_gmt":"2018-08-29T19:47:54","slug":"bibliography","status":"publish","type":"page","link":"https:\/\/www.plantagbiosciences.org\/people\/laia-clara-nageli-juan\/bibliography\/","title":{"rendered":"Bibliography"},"content":{"rendered":"<p>Some interesting references:<\/p>\n<ul>\n<li>AGGARWAL, P., JARVIS, A., CAMPBELL, B., ZOUGMOR\u00c9, R., KHATRI-CHHETRI, A., VERMEULEN, S., LOBOGUERRERO, A. M., SEBASTIAN, L., KINYANGI, J. &amp; BONILLA-FINDJI, O. 2018. The climate-smart village approach: framework of an integrative strategy for scaling up adaptation options in agriculture. <em>Ecology and Society,<\/em> 23.<\/li>\n<li>BONILLA-FINDJI, O., EITZINGER, A. &amp; ANDRIEU, N. 2017. Monitoring CSA implementation, performance and outcomes in the CCAFS Climate-Smart Villages: How to start? : CGIAR-CCAFS.<\/li>\n<li>BONILLA-FINDJI, O., TAN YEN, B., KHATRI-CHHETRI, A., KIMELI, P., LEGUIA HIDALGO, E. J., MARTINEZ BARON, D., OU\u00c9DRAOGO, M., RADENY, M. A. O. &amp; RECHA, J. W. M. 2017. CSA options Implemented and Evaluated across the CCAFS Climate-Smart Villages AD4R sites: 2016 Global Inventory. <em>CGIAR Research Program on Climate Change, Agriculture and Food Security (CCAFS)<\/em>.<\/li>\n<li>COATES, J., SWINDALE, A. &amp; BILINSKY, P. 2007. Household Food Insecurity Access Scale (HFIAS) for Measurement of Household Food Access: Indicator Guide. Washington, D.C.: Food and Nutrition Technical Assistance Project, Academy for Educational Development.<\/li>\n<li>FAO 2013. Climate-smart agriculture: sourcebook. Rome, Italy: Food and Agriculture Organization of the United Nations.<\/li>\n<li>JARVIS, A., BONILLA-FINDJI, O., EITZINGER, A., ANDRIEU, N., OUEDRAOGO, M., ACOSTA, I. C., NGONI , GARCIA, M. A. &amp; TWYMAN, J. 2017. Climate-Smart Village Monitoring Plan. A Global evidence building effort.<\/li>\n<li>MCCARTHY, N., LIPPER, L. &amp; BRANCA, G. 2011. Climate-smart agriculture: smallholder adoption and implications for climate change adaptation and mitigation. <em>Mitigation of Climate Change in Agriculture Working Paper, <\/em>3<strong>, <\/strong>1-37.<\/li>\n<li>MORA MONTERO, A. E. 2017. Dise\u00f1o de una metodolog\u00eda de escalamiento de las pr\u00e1cticas de agricultura sostenible adaptada al clima en Cauca, Colombia.<\/li>\n<li>ORTEGA, L. A. &amp; PAZ, L. P. 2014. Estudio de l\u00ednea base de comunidades: Informe de An\u00e1lisis del sitio para CAUCA\u2013LOS CERRILLOS, COLOMBIA (CO01).<\/li>\n<li>RAMIREZ-VILLEGAS, J., SALAZAR, M., JARVIS, A. &amp; NAVARRO-RACINES, C. E. 2012. A way forward on adaptation to climate change in Colombian agriculture: perspectives towards 2050. <em>Climatic Change,<\/em> 115<strong>,<\/strong> 611-628.<\/li>\n<li>WESTERMANN, O., F\u00d6RCH, W., THORNTON, P., K\u00d6RNER, J., CRAMER, L. &amp; CAMPBELL, B. 2018. Scaling up agricultural interventions: Case studies of climate-smart agriculture. <em>Agricultural Systems, <\/em>165<strong>, <\/strong>283-293.<\/li>\n<li>WESTERMANN, O., THORNTON, P. K. &amp; F\u00d6RCH, W. 2015. Reaching more farmers: innovative approaches to scaling up climate-smart agriculture.<\/li>\n<li>WORLDBANK, CIAT &amp; CATIE 2015. Climate-Smart Agriculture in Colombia. CSA Country Profiles for Latin America Series. 2nd. ed. ed. Washinghton D.C.: The World Bank Group.<\/li>\n<\/ul>\n","protected":false},"excerpt":{"rendered":"<p>Some interesting references: AGGARWAL, P., JARVIS, A., CAMPBELL, B., ZOUGMOR\u00c9, R., KHATRI-CHHETRI, A., VERMEULEN, S., LOBOGUERRERO, A. M., SEBASTIAN, L., KINYANGI, J. &amp; BONILLA-FINDJI, O. 2018. The climate-smart village approach: framework of an integrative strategy for scaling up adaptation options in agriculture. Ecology and Society, 23. BONILLA-FINDJI, O., EITZINGER, A. &amp; ANDRIEU, N. 2017. Monitoring&nbsp;&#8230;<\/p>\n","protected":false},"author":46,"featured_media":0,"parent":0,"menu_order":0,"comment_status":"closed","ping_status":"closed","template":"","meta":{"footnotes":""},"class_list":["post-17","page","type-page","status-publish","hentry"],"_links":{"self":[{"href":"https:\/\/www.plantagbiosciences.org\/people\/laia-clara-nageli-juan\/wp-json\/wp\/v2\/pages\/17","targetHints":{"allow":["GET"]}}],"collection":[{"href":"https:\/\/www.plantagbiosciences.org\/people\/laia-clara-nageli-juan\/wp-json\/wp\/v2\/pages"}],"about":[{"href":"https:\/\/www.plantagbiosciences.org\/people\/laia-clara-nageli-juan\/wp-json\/wp\/v2\/types\/page"}],"author":[{"embeddable":true,"href":"https:\/\/www.plantagbiosciences.org\/people\/laia-clara-nageli-juan\/wp-json\/wp\/v2\/users\/46"}],"replies":[{"embeddable":true,"href":"https:\/\/www.plantagbiosciences.org\/people\/laia-clara-nageli-juan\/wp-json\/wp\/v2\/comments?post=17"}],"version-history":[{"count":4,"href":"https:\/\/www.plantagbiosciences.org\/people\/laia-clara-nageli-juan\/wp-json\/wp\/v2\/pages\/17\/revisions"}],"predecessor-version":[{"id":238,"href":"https:\/\/www.plantagbiosciences.org\/people\/laia-clara-nageli-juan\/wp-json\/wp\/v2\/pages\/17\/revisions\/238"}],"wp:attachment":[{"href":"https:\/\/www.plantagbiosciences.org\/people\/laia-clara-nageli-juan\/wp-json\/wp\/v2\/media?parent=17"}],"curies":[{"name":"wp","href":"https:\/\/api.w.org\/{rel}","templated":true}]}}